 n. Is j a multiple of 23?
True
Does 2 divide (-26)/(-65) - 3084/(-15)?
True
Let t = -52 + 0. Let z = -2 - t. Is 8 a factor of z?
False
Suppose -3*r - 47 = -2*s + 76, 189 = 3*s - 3*r. Suppose -10*a = -8*a + s. Is 13 a factor of 423/33 + (-6)/a?
True
Let f = -71 + 77. Let j = f + 39. Does 8 divide j?
False
Suppose -m + 4*m + 5*d - 110 = 0, 2*m + 5*d = 65. Let j = 71 - m. Suppose 272 = -j*c + 30*c. Is 17 a factor of c?
True
Let z(c) = c**3 + 11*c**2 + 9*c - 11. Let i be z(-10). Let f be (-11)/(-3) + i/(-3). Suppose 4*m - f*x - 248 = 0, -m - 2*x + 68 = -6*x. Is 12 a factor of m?
True
Let y(c) be the first derivative of 11*c**2/2 + 21*c + 25. Does 31 divide y(17)?
False
Let g be -6 + 6 + 4 + -1. Suppose 3*d = -2*n + 2, g*n + 4*d - 12 = -2*n. Suppose 292 = 5*l - n*o, 2*l + 4*o - 74 = 54. Is l a multiple of 20?
True
Let i = -52 - -156. Suppose -4*g + 8*g = i. Is g a multiple of 13?
True
Let k = 436 - 285. Is 16 a factor of k?
False
Let m(a) = 100 + 0*a**2 + 2*a**2 - 87. Is m(7) a multiple of 14?
False
Suppose 234*l + 220 = 239*l. Is l a multiple of 11?
True
Let c(g) = 4*g**2 + 15*g + 9. Is c(5) a multiple of 4?
True
Let d be ((-18)/(-12))/(2/4). Suppose 0 = 5*v - d*v - 44. Is v a multiple of 3?
False
Let i = 365 + 3527. Does 28 divide i?
True
Let f(h) = 122*h + 71. Does 106 divide f(12)?
False
Let n(a) = -a**2 + 20*a - 14. Let w be n(19). Suppose -w*g = 17 - 37. Suppose -g*o + 6*o = 94. Is o a multiple of 8?
False
Let h be (-4)/(-18) + 102/27. Suppose 2*d = d + h. Suppose 4*a = r + d*r - 241, 0 = r - 4*a - 45. Is 13 a factor of r?
False
Suppose 3*w + 763 = 2*v - 578, 0 = 4*w - 4. Is v a multiple of 11?
False
Suppose 3136 = -5*u + 19*u. Is 56 a factor of u?
True
Let l(r) = 7*r**3 - 40*r**2 + 10*r + 32. Does 12 divide l(10)?
True
Let k(w) = -w**3 + 7*w**2 + w - 6. Let d be k(7). Suppose 5 = g + d. Let c(x) = 15*x - 8. Is c(g) a multiple of 16?
False
Let a be (1 - 10/4)*-86. Suppose 5*f - a = 46. Let w = f + -22. Does 13 divide w?
True
Let o(g) = 4*g - 1. Let n(h) = h + 1. Let x(r) = 3*n(r) - o(r). Let s be x(8). Let v(q) = -2*q**3 - 5*q**2. Is v(s) a multiple of 8?
True
Suppose -5 = -2*g + 3. Let j be ((-1)/(-2))/(g/40). Let i = j + 9. Is i a multiple of 11?
False
Let j = -52 - -62. Suppose -2302 = -j*n - 542. Is n a multiple of 21?
False
Let c(v) = 6*v**2 - v + 20. Does 22 divide c(8)?
True
Let r(y) = y**3 - 22*y**2 - 13*y - 29. Does 4 divide r(23)?
False
Let p(i) = 16*i**2 + 9*i + 15. Is 50 a factor of p(5)?
False
Suppose 26*w = 5*w + 43344. Does 25 divide w?
False
Let r = -22 - -31. Suppose r*z = 11*z - 32. Does 3 divide z?
False
Suppose 2*h + v + 0*v - 498 = 0, -996 = -4*h - 3*v. Suppose 37 = a - h. Does 14 divide a?
False
Is 32 a factor of 0 - (-1 + -350) - (-211)/211?
True
Let f = -106 - -83. Let y = 14 - f. Is y a multiple of 6?
False
Let m(a) = 6 - 2 + 2*a**2 + 0 + a**3 - 2*a. Let i be m(-3). Is (25 + 2)/i + -1 a multiple of 26?
True
Let i be 190/40 - (-2)/8. Suppose i*w = 14 + 321. Is w a multiple of 11?
False
Suppose 5*v = 5*j, -3*v - 4 = 4*j - 18. Let b(m) = 3*m**3 - 4*m**2 + 5*m. Is b(v) a multiple of 2?
True
Let c = -187 - -782. Is c a multiple of 35?
True
Let f(i) = i**2 + 9*i - 18. Let w be f(-11). Suppose w*v - 5*o - 288 = 0, 5*o + 16 = -4. Is 4 a factor of v?
False
Let b be (-65)/(-26)*(-16)/(-5). Let i be 13 - (-4)/8*b. Suppose h + i = 23. Does 4 divide h?
False
Let w = -47 + 20. Suppose -147 = 3*u - 2*p, -59 = 4*u - 3*u - 4*p. Let z = w - u. Is 10 a factor of z?
True
Suppose -13*b + 2179 = -6401. Does 71 divide b?
False
Let z be 2/(-8) + (-9 - 76/16). Let s(w) be the third derivative of -w**4/3 - 7*w**3/2 - w**2. Does 24 divide s(z)?
False
Is 12 a factor of (-28794)/(-30) + 7/35?
True
Let w(y) = -9*y**3 - 5*y**2 - 19*y - 23. Does 112 divide w(-5)?
False
Let g = -14 + 18. Suppose -190 = -g*p - 2*r, 0*p - 144 = -3*p - 3*r. Is 29 a factor of p?
False
Let g = -160 + 375. Is g a multiple of 20?
False
Let o be 88/4 + 3 + -1. Suppose 4*z = -w - 4, 0 = -4*z + 9 + 3. Let l = o - w. Is 20 a factor of l?
True
Suppose 0 = 33*j - 10*j - 2599. Is 4 a factor of j?
False
Let a = 249 + -78. Suppose a = 7*w - 228. Does 9 divide w?
False
Suppose p - 75 = -3*y, -3*p + 6*y = y - 295. Does 2 divide p?
True
Suppose 2*n - 111 = -4*b + 25, 0 = 5*n - 3*b - 314. Suppose 69*d = n*d + 720. Is d a multiple of 12?
True
Let n be (4/4)/(-5 - -4). Is 27 a factor of -3 + (-1 - n) - (-187 + -1)?
False
Let w(f) = f**3 + 6*f**2 - 7*f - 74. Is w(10) a multiple of 28?
True
Let y(q) = 3*q**2 + 179*q - 138. Does 7 divide y(-61)?
False
Suppose -2*u = 19 - 379. Suppose -3*o - 3 + u = 0. Does 21 divide o?
False
Suppose -10*n = -4375 - 3505. Is n a multiple of 20?
False
Let r be (10/(-12))/((-1)/6). Suppose -4*q + 628 = -h, -r*h + 4*h - 4 = 0. Is q a multiple of 39?
True
Suppose -5*f = -71 - 14. Suppose -3*s - 4*n = -81, 4*s - 91 = -5*n + f. Does 9 divide s?
True
Let h(b) = -59*b + 69. Is h(-5) a multiple of 28?
True
Suppose -5*h - r + 54 = 0, 9*h - 10*h + 16 = -5*r. Is 6 a factor of h?
False
Suppose -972*m = -965*m - 6013. Does 28 divide m?
False
Is 300/(-9)*(-363)/22 a multiple of 31?
False
Suppose 8942 = 14*s - 36992. Is 55 a factor of s?
False
Suppose 145*b = 143*b + 770. Suppose 0 = 5*h + 110 - b. Does 7 divide h?
False
Let l = -439 - -473. Does 17 divide l?
True
Suppose -2*y - 23 + 33 = 0. Suppose 2*m = 2*i - 9 + 57, 2*m = -y*i + 76. Is m a multiple of 17?
False
Suppose 12*v - 10*v - 456 = -2*x, x + 3*v - 220 = 0. Is x a multiple of 8?
True
Let m be (3/(-6) - -3)*16. Suppose m*d - 71 = 39*d. Does 33 divide d?
False
Let b(z) = 6*z - 10. Suppose -5 = 2*i - 61. Suppose 0 = -5*t + l + i + 30, -4*l = 12. Is b(t) a multiple of 14?
True
Let u(y) = 10*y**2 + 18*y - 39. Is 20 a factor of u(-10)?
False
Suppose 0 = -3*v + 122 - 8. Let w = v - -69. Does 42 divide w?
False
Suppose -3*q = -s + 12, 4*q = -3*s + 5*q + 12. Suppose 2*n - s*k = 8 + 41, 2*n + k = 53. Does 7 divide n?
False
Suppose 5*w = 7*w, 0 = 4*p + 5*w - 72. Is 3 a factor of p?
True
Let l = 1732 + -1482. Is l a multiple of 5?
True
Suppose -18 = 4*s - 6*s. Let r be 27/(-1) - 0/2. Let j = s - r. Is j a multiple of 28?
False
Let x = -9 + 11. Suppose 195 = h + x*h. Is 13 a factor of h?
True
Suppose -4*a = -7*a + 3*f + 3450, 4*a - 4600 = 3*f. Is a a multiple of 26?
False
Let l(d) be the third derivative of d**5/60 - d**4/2 - 11*d**3/6 + 7*d**2. Let h be l(13). Suppose h*b = 5*p - 124, 2*b + 0 = -4. Does 12 divide p?
True
Let s = -31 + 36. Let a(k) = 10*k. Let z(o) = -o + 1. Let h(v) = a(v) - 2*z(v). Is h(s) a multiple of 28?
False
Let t(k) = 89*k + 550. Does 120 divide t(10)?
True
Suppose -3*z + 573 = -0*z. Suppose 5*m = -5*p + 66 + 184, z = 4*m + p. Does 10 divide m?
False
Suppose 5*w = 4*a - 136 - 42, -2*a + 100 = 3*w. Suppose 4*j = a + 33. Is j a multiple of 20?
True
Let i(s) be the first derivative of -s**2 + 6*s - 3. Let f = 1 + -7. Is 5 a factor of i(f)?
False
Let g(i) = -6*i - 5. Let q be g(-4). Let j be 1 + (5 - 2 - 0). Suppose -j*n + 13 = -q. Is n a multiple of 5?
False
Suppose -3*b - 5*h = -0 + 8, 12 = -b - 4*h. Suppose 8*o - b*g = 3*o - 6, 3*g + 13 = -5*o. Let i(p) = 6*p**2 - 2*p + 1. Is i(o) a multiple of 7?
False
Suppose 3*c = 4*x - 47, -4*c - 3*x + 2*x = 31. Let h = 11 + c. Suppose -l + 64 = -h*n, -3*l - n - n = -192. Does 32 divide l?
True
Does 7 divide 17745/78 - 6/(-4)?
False
Let r be ((-20)/(-3))/((-2)/(-39)). Let y = r - 78. Suppose -5*u = -4*u - y. Is u a multiple of 9?
False
Suppose -91*l = -94*l + 2160. Is l a multiple of 60?
True
Let r = -101 - -109. Let s(a) = -a**3 + 11*a**2 - 8*a - 8. Is 12 a factor of s(r)?
True
Let o = -1152 + 1181. Is 5 a factor of o?
False
Suppose -3*u + 4*h + 1412 = 0, 926 = 4*u - 2*u + 5*h. Is 78 a factor of u?
True
Suppose 0 = -m - 5*g + 3, 0*m + 2*m + 3*g + 1 = 0. Is -23*m/((-10)/(-5)) a multiple of 5?
False
Let r(o) = -3*o + 3 + o + 12 - 3. Let w be r(5). Suppose 2*b = -5*i + 1, 4*b + 3*i - w = 7. Does 3 divide b?
True
Let x be 33/7 - (-20)/70. Suppose 4*i - 471 = 3*u, 0*i - u = x*i - 603. Is 12 a factor of i?
True
Is 6/27 + 767270/315 a multiple of 87?
True
Let b(z) = -z**2 + 17*z + 3. Let a be b(8). Suppose 3*q - 39 - a = -3*i, 0 = 2*q. Is i a multiple of 19?
True
Suppose 4*p - 6*x - 1576 = -8*x, x = -2. Is p a multiple of 18?
False
Suppose 2*x = -6*t + 3*t + 18, -4*x 